pose 0 = -575*r + 590*r - 28560. What are the prime factors of r?
2, 7, 17
Suppose 0 = 12*f - 7*f + y - 735, -4*f - 4*y = -604. What are the prime factors of f?
2, 73
Let z = -957 - -1445. What are the prime factors of z?
2, 61
Suppose -5*i = -0*i. Let m be (i/2)/(-1) - -5. Suppose -5*l + l + 32 = -f, -4*l = m*f - 32. What are the prime factors of l?
2
Let q(f) = -7*f**3 - 3*f - 2. Let v = -25 + 23. What are the prime factors of q(v)?
2, 3, 5
Let v(x) = 56*x**2 - x - 1. Let n be v(-1). Suppose 4*u - 115 = -4*r - u, n = 2*r + 2*u. Suppose -j = 9 - r. What are the prime factors of j?
2
Suppose a + 9 = -4*d, -3 = 2*a + 4*d + 3. Let t(l) = 7*l - 86. Let u be t(11). What are the prime factors of a/(u/(-177)) + 1?
2, 3, 5
Suppose 28*u - 35*u = -5348. What are the prime factors of u?
2, 191
Let z be 3 - (3 + -5 - -3). Suppose -76 = -u + 5*y, 5*y - 140 = -z*u + 3*y. List the prime factors of u.
71
Let h(n) = -n**3 + 6*n**2 - 6*n + 9. Let a be h(6). Let u = -3 - a. Suppose -4*y + 33 = -b, 3*y + 3 = -3*b + u. List the prime factors of y.
2
Let t be (4 + -2 + 10)*15/4. Suppose l = t + 264. List the prime factors of l.
3, 103
Let h = -7 - -6. Let i be 3 + h + -2 + -37. Let r = -21 - i. List the prime factors of r.
2
Let i(s) = -s**3 - 7*s + s - s + s + 9*s**2 - 4. List the prime factors of i(7).
2, 13
Suppose -250111 = -39*k - 28*k. What are the prime factors of k?
3733
Let b = 1440 - 744. What are the prime factors of b?
2, 3, 29
Suppose 0 = -12*t - 14*t + 2314. What are the prime factors of t?
89
Let g(o) = -3*o**3 + 3*o**2 - o + 4. Let v be g(-3). Suppose -2*f - 3*h = v, 3*f + 174 = -3*h - 0*h. Let s = 123 + f. List the prime factors of s.
2
Suppose 2*p = 7*p + 210. Let g be 33/7 + (-12)/p. Suppose -g*v - o + 137 = 0, -2*o = 2*v - 3*o - 52. List the prime factors of v.
3
Let d = 80 - 31. Suppose -2*c + d = -1. List the prime factors of c.
5
Let t(y) = -y**3 - 25*y**2 + 25*y + 57. Suppose 16*x - 6*x + 260 = 0. What are the prime factors of t(x)?
83
Let d(w) = 16*w - 1. Let g be d(-2). Let v = g - -53. List the prime factors of v/6 - (-3)/(-9).
3
Let a be 148/(-8) - 2/4. Let n = 8 - a. List the prime factors of n.
3
Let v = 1239 + 1826. List the prime factors of v.
5, 613
Suppose 2*r + 3*a - 143 = 64, 0 = -3*r + a + 338. List the prime factors of r.
3, 37
Let j(g) be the third derivative of g**6/120 + 2*g**5/15 + 5*g**4/12 + g**3 - g**2. Let t(w) = 10*w + 165. Let a be t(-17). What are the prime factors of j(a)?
31
Let z be (-3 + -353)*((-4)/2)/4. Suppose 0 = -3*v + z + 131. List the prime factors of v.
103
Suppose 8*g = 129 + 95. Let h = g + -24. What are the prime factors of h?
2
Suppose 0 = d - 9*d + 2352. What are the prime factors of d?
2, 3, 7
Let o be 0 - 0/(-2 + -1) - -2. What are the prime factors of 1*(66/o)/1?
3, 11
Suppose 7*r - 4807 - 12865 = n, 12 = -3*n. List the prime factors of r.
2, 631
Let n be -4 + (-2 - 1)*-22. Let x = n + -45. What are the prime factors of x?
17
Let c(f) = f**2 + 18*f - 28. Let l be 39*10/(-15) - -4. What are the prime factors of c(l)?
2, 3, 5
Suppose q = 5*q + 20. Let r(x) = 2*x**2 + 6*x - 1. What are the prime factors of r(q)?
19
Let p(y) = 3*y**2 - 32*y + 6. Let g be p(11). Suppose -s = -g - 27. What are the prime factors of s?
2, 11
Let l(d) = 228*d + 447. List the prime factors of l(4).
3, 151
Let q be -3*(6 + 0/((-8)/4)). Let j(a) = -a**3 - 20*a**2 - 37*a - 14. List the prime factors of j(q).
2
Let t(y) = -y**3 - 8*y**2 - 7*y + 19. List the prime factors of t(-8).
3, 5
Let s(n) = 89*n + 19. List the prime factors of s(5).
2, 29
Let o(i) = -i + 11. Let a be o(-8). Let h = a + -15. Suppose 0 = -3*y - 15, 4*m - 3*m - h*y = 62. List the prime factors of m.
2, 3, 7
What are the prime factors of (-4)/(-3*3/9) + 611?
3, 5, 41
Let a(x) = -27*x**2. Let c be a(1). Suppose -m = 5*f + 75, 2*f = -4*m + 8*m + 212. Let w = c - m. List the prime factors of w.
2, 7
Let z(p) = -p**2 + 1. Let x be z(-1). Suppose x = 2*r - 2, -3*r = 5*h - 24 - 9. List the prime factors of (h/4)/(12/136).
17
Suppose -4988 = -4*l + 4*o, -26*o + 21*o = 3*l - 3741. What are the prime factors of l?
29, 43
Let d(j) = 11*j - 63. Let q be d(5). List the prime factors of 2 - (q/(-2) - 148).
2, 73
Suppose t - 28 = -t. List the prime factors of (t/(-6))/(1/(-18)).
2, 3, 7
Suppose 0 = m + 5*c - 70 - 14, -5*m - 5*c = -460. What are the prime factors of m?
2, 47
Suppose -2*z - 29 = 5. Let y = 19 + z. Suppose y*m + 2*c - 24 = 0, 5*c + 12 = 2. List the prime factors of m.
2, 7
Suppose 2*y + 4*x = 298, 2*y = 6*y + 5*x - 608. Let f = 236 - y. List the prime factors of f.
79
Suppose 4*v - 9*v - 5*j = -15, 5*v - 4*j = 6. Suppose -2*q = -5*q - 2*u + 638, -5*q - v*u + 1070 = 0. What are the prime factors of q?
2, 3
Let r be (-2 - -26)*(-6)/(-8). Suppose -5*x - 4*w = 46, 0*x - 3*w - r = x. Let f = 1 - x. What are the prime factors of f?
7
Let l(g) = g**2 + 11*g + 2. Let t be l(-11). Suppose 89 = t*x + 27. What are the prime factors of x?
31
Let b be -4 + (333 - (-15)/(-5)). Suppose -o + n + 39 = -43, 4*o - 3*n - b = 0. What are the prime factors of o?
2, 5
Suppose -5 = -3*c - q, -4*q + 2*q = 4*c - 4. What are the prime factors of c/9*39*5?
5, 13
List the prime factors of (30 - 35) + 567 + -2 + 0.
2, 5, 7
Suppose 0 = -7*p + 11611 - 2819. Suppose 32*b - 24*b - p = 0. What are the prime factors of b?
157
Let a = 1840 - 913. What are the prime factors of a?
3, 103
Let b(r) = 8*r**2 + 106*r + 58. What are the prime factors of b(-20)?
2, 569
Suppose 4*f = 3*l - 982, f - 326 = -l + 2*f. What are the prime factors of l?
2, 7, 23
Suppose -8*f + 14107 = -33493. List the prime factors of f.
2, 5, 7, 17
Let c = -31 + 30. List the prime factors of (110 - 1) + (c - -4)*-1.
2, 53
Suppose -6*v = -2*v + 92. Let x = -6 + v. List the prime factors of (x/3)/(1/(-3)).
29
What are the prime factors of 471 - 33 - (2 - 2)/(-1)?
2, 3, 73
Let r = -398 - -401. Suppose -a + 93 = -5*m, -4 + 1 = 3*m. Suppose a = -r*u + 298. List the prime factors of u.
2, 5, 7
Let y(h) = -2*h - 4*h - 14 + 6 + 4*h. Let m be y(-4). List the prime factors of (m - -1)/((-14)/(-154)).
11
Suppose 29 = 5*o + 4. Suppose 3*s = z + 118, s - o*z - 27 = 17. Let i = s - 22. List the prime factors of i.
17
Suppose 3*x - x = 144. Let l = -28 + x. What are the prime factors of l?
2, 11
Suppose n + 170 - 729 = 3*l, 5*n = 2*l + 2860. What are the prime factors of n?
2, 7, 41
Suppose -5706 = -4*b - 2*b. List the prime factors of b.
3, 317
Suppose 8*l - 4894 = 5442. What are the prime factors of l?
2, 17, 19
Let w(h) = h**3 - 8*h**2 + 12*h + 5. Let f be w(9). Let i = f - 41. List the prime factors of i.
3, 17
Let u(i) = -21*i + 61. Let s be u(15). Let l = s - -360. What are the prime factors of l?
2, 53
What are the prime factors of 5377/11 + 688/(-88) + 8?
3, 163
Let h(t) = -3*t - 6. Let g be h(-4). Suppose -4*r + 128 = 4*y, 0 = 6*r - 2*r - 3*y - 156. List the prime factors of 2040/r - (-2)/g.
3, 19
Let f(j) = j**2 - 219. Let v be f(0). Let h = 35 - v. What are the prime factors of h?
2, 127
Suppose 0 = 10*i - 52*i + 74046. List the prime factors of i.
41, 43
Suppose 2*y + 132 = 3*v, 0*y - y = 4*v - 187. Suppose -m = 24 + 9. Let t = v + m. List the prime factors of t.
13
Let f = 120 - 114. Suppose f*y = 5*y + 308. List the prime factors of y.
2, 7, 11
Let j = 4533 - 3150. What are the prime factors of j?
3, 461
Suppose 10*o + 86 = 9*o. What are the prime factors of (3 + o/4)*-2?
37
Let u(f) = f - 12. Let d(g) be the third derivative of g**4/24 - 3*g**3 + 14*g**2. Let q(r) = 5*d(r) - 8*u(r). List the prime factors of q(-9).
3, 11
Let w be (-6)/(-9)*(-297)/(-3). Let i = 121 - w. What are the prime factors of i?
5, 11
Let v = -2226 + 3365. List the prime factors of v.
17, 67
Suppose 10*o - 31923 = -1823. What are the prime factors of o?
2, 5, 7, 43
Let t = -400 - -1275. List the prime factors of t.
5, 7
Let t = 165 + 322. What are the prime factors of t?
487
Let l = 11 + -6. Suppose -l*y = -4*p + 4, 6*p - 5*y = 3*p - 2. Suppose 90 = 11*j - p*j. List the prime factors of j.
2, 3
Suppose 276 - 3 = 3*q. Suppose -45 = -4*v + q. List the prime factors of v.
2, 17
Suppose 8*r - 4618 = 6598. List the prime factors of r.
2, 701
Suppose 2*f - 6*m + 2*m - 9872 = 0, -5*m = 0. List the prime factors of f.
2, 617
Suppose 643 + 8073 = 4*m. List 